 + 17. What is the remainder when 77 is divided by a?
17
Let m = -40 - -72. What is the remainder when m is divided by 11?
10
Let r be (-5)/10 + (-114)/(-4). Suppose -r = -3*x - x. Let h = 61 - 42. Calculate the remainder when h is divided by x.
5
Suppose -2*k - 2 = 2*p + 2, 0 = -p + 3*k + 18. Suppose -p*v - 44 = -7*v. Suppose -v = -2*b + 101. Calculate the remainder when b is divided by 19.
18
Suppose 3*b + 5*u = 84, 5*u + 0*u - 28 = -b. Suppose b = 4*s - 0. Calculate the remainder when s is divided by 4.
3
Suppose 8*l - 7*l = 93. Calculate the remainder when l is divided by 47.
46
What is the remainder when (-182)/(-49) - 4/(-14) is divided by 2?
0
Let i be (-2)/(2*(-3)/120). Let k = i + -24. What is the remainder when k is divided by 8/1 + (1 - 3)?
4
Suppose 3*m - 4*p - 35 = 0, m + 17 + 3 = -5*p. Suppose 3*i = -0*i + 5*y + 22, -60 = -4*i - y. What is the remainder when i is divided by m?
4
Let y(b) = -b**2 + 8*b - 12. Let r be y(8). Let q = -6 - r. Calculate the remainder when q is divided by 4/(0/(-1) + 2).
0
Let u = -1 - 1. Let j(w) = -w**2 - 8*w - 5. What is the remainder when j(-6) is divided by -2*(15/u)/5?
1
Let y(v) = 9*v**2 - v - 1. Let n = 47 + -22. What is the remainder when n is divided by y(-1)?
7
Suppose -1 = w - 0*w. Let m(v) = -46*v**3 + 2*v**2 + v. What is the remainder when m(w) is divided by 16?
15
Let a = 60 - 53. Calculate the remainder when 19 is divided by a.
5
Let r be (-276)/(-60) + 4/10. Suppose -o + 2 = 0, -r*i + o = -0*o - 63. Calculate the remainder when 24 is divided by i.
11
Suppose h = -3*l + 4*h + 36, 4*l = -3*h + 34. Suppose -2*p + l = -p - o, 5*p - 54 = o. What is the remainder when (-1 + 25/4)*4 is divided by p?
10
Let n = 16 + -1. Let a = 23 - n. What is the remainder when a is divided by 5?
3
Let o be 0 + 77 + 3 + 1. Calculate the remainder when (-1)/(-2)*(1 + o) is divided by 14.
13
Calculate the remainder when (-1)/(((-32)/180)/8) is divided by 12.
9
Let g(q) = q**3 + 13*q**2 + 10*q - 17. Let l be g(-12). Suppose l*y - 60 = y. Let f = 44 + -26. Calculate the remainder when f is divided by y.
8
What is the remainder when (-29)/((-1)/(2/2)) is divided by (-3)/7 + (-756)/(-49)?
14
Suppose -3*k = -5*f + 2 + 7, 5*f - 2*k = 6. Let m be (-1)/(-3)*(1 + 5). Suppose m*r - r + 5 = f, 3*w - 4*r = 29. What is the remainder when 6 is divided by w?
0
Let u(w) = w - 1. Let m(d) = -2*d - 1. Let i(s) = -m(s) - u(s). Calculate the remainder when i(8) is divided by 4.
2
Let r(j) = -2*j**2 + 10*j + 3. Let p(f) = -f**2 + 10*f + 3. Let w(t) = -3*p(t) + 2*r(t). What is the remainder when 53 is divided by w(-7)?
17
Calculate the remainder when (-184)/(-12) + (-4)/12 is divided by 9.
6
Suppose 10*z - 748 - 1742 = 0. Calculate the remainder when z is divided by 63.
60
Suppose 0 - 9 = -3*t. Suppose -54 = -t*v + 3*s, -4*v + 19 = -5*s - 57. What is the remainder when 26 is divided by v?
12
Suppose -4*b = 3*o - 286, 3*b - 2*o - 276 = -b. What is the remainder when b is divided by 18?
16
Let v = -138 + 153. Calculate the remainder when v is divided by 6.
3
Let l(r) = -91*r - 2. Let m be l(-2). Suppose -48 = -2*t + m. Suppose -p = 2*p - t. What is the remainder when p is divided by 20?
18
Suppose -2*q - 91 = 5. Calculate the remainder when 79 is divided by 9/(4/q*-4).
25
Let i(s) = -s**2 + 5*s - 4. Let p be i(4). Let k = p + 4. Suppose 4*o + o - 148 = -k*z, 0 = 3*o. What is the remainder when z is divided by 13?
11
Let a(p) = -5*p - 8. Let c be a(-8). Suppose 6*r = 8*r - c. Calculate the remainder when 47 is divided by r.
15
Suppose -2*t + 1 + 5 = r, 3*r - 5*t = -15. Suppose -s = -r*s - 51. What is the remainder when s is divided by 13?
12
Suppose -30 - 10 = -n. Suppose z = -3*z + n. What is the remainder when z is divided by 6?
4
Suppose 2*a - 3 + 1 = 3*t, 2*t - a = 0. What is the remainder when 2 - (-1)/(-1) - -2 is divided by t?
1
Suppose -59 = -3*l + 5*d, 5*l + 0*d - 92 = 2*d. Calculate the remainder when l is divided by 13.
5
Suppose 2*d - 48 = -18. Calculate the remainder when 38 is divided by d*((-10)/3)/(-5).
8
Let j(x) be the first derivative of -2*x**2 - 5*x + 2. What is the remainder when 37 is divided by j(-6)?
18
Suppose -5*l + 66 = -3*r, -2*l + 2*r + 3 + 25 = 0. Suppose -4*t - 15 = -4*c - 3, t + 18 = 4*c. Calculate the remainder when l is divided by c.
2
Let h(z) = z**2 + z - 7. Let o be h(3). Suppose o*q = -5*s + 45, -3*s + 30 = s + q. What is the remainder when 13 is divided by s?
6
Suppose 20*g + 56 = 22*g. What is the remainder when 54 is divided by g?
26
Let g = -53 + 116. What is the remainder when g is divided by 33?
30
Let c = 41 + -26. What is the remainder when (12/c)/(1/65) is divided by 9?
7
Let t = 16 - -3. What is the remainder when 74 is divided by t?
17
Let q = 104 - 56. Calculate the remainder when q is divided by 17.
14
Let a be (-3)/6*(0 - 0). Let q = -7 - -14. What is the remainder when (-1 - a) + 2*7 is divided by q?
6
Suppose -412 + 16 = -6*s. What is the remainder when s is divided by 35?
31
Let c = 599 + -407. What is the remainder when c is divided by 49?
45
Let f = -8 - -45. Suppose -62 = -3*k + 2*a - a, -4*a + 18 = 2*k. What is the remainder when f is divided by k?
18
Suppose -3*b - 9 = 0, -2*b + 19 = q - 0*b. What is the remainder when 124 is divided by q?
24
Let q = -60 - -68. What is the remainder when q is divided by 4?
0
Let t = 78 - 74. What is the remainder when 13 is divided by t?
1
Suppose 0 = -i - 16 + 21. Calculate the remainder when 18 is divided by i.
3
Suppose 1 + 7 = -2*p. Let k = 0 + 4. What is the remainder when 2/((-1)/(p + -1)) is divided by k?
2
Let b = 78 - -2. Let h = b + -56. What is the remainder when h is divided by 13?
11
Suppose 0 = 3*x - 0*x - 78. Calculate the remainder when (-2 - 79/(-2))/((-75)/(-150)) is divided by x.
23
Suppose 3*b - 7*n + 2*n - 148 = 0, -3*b = -n - 164. What is the remainder when 107 is divided by b?
51
Let c(k) = -4*k - 41. What is the remainder when c(-17) is divided by 5?
2
What is the remainder when (-6)/9*3 - -1*147 is divided by 21?
19
Let u(l) = -l**3 + 7*l**2 - 2*l. Calculate the remainder when 78 is divided by u(5).
38
Let l(k) = 12*k**3 - 4*k + 2. What is the remainder when l(2) is divided by 23?
21
Suppose 135 = 5*s + 5*m, -3*m - 2 = 4. What is the remainder when 54 is divided by s?
25
Suppose 4*g - 30 = -3*p, g = 2*p - 2*g - 3. Calculate the remainder when 10 is divided by p.
4
Let s(c) = -c**3 + 5*c**2 + 3*c. Let q(f) = 4*f - 3. Suppose -5*m + 0*m = -10. Let t be q(m). Calculate the remainder when 42 is divided by s(t).
12
Let r(h) = 19*h. Let z(d) = d**2 + 2*d + 1. Let y be z(0). What is the remainder when (-1)/((-2)/76) + -1 is divided by r(y)?
18
Let n(g) = g - 2. Let p(y) = -3*y. Let c be p(-2). Calculate the remainder when 11/2*(-2 - -4) is divided by n(c).
3
Let n = -3 + 3. Let a(z) = z**3 - 7*z**2 - z + 8. Let i be a(7). What is the remainder when (-22)/(i + n - 2) is divided by 8?
6
Suppose -3*o - 5*u - 33 = -7*o, 0 = 4*o - u - 13. Suppose -4*z - o*l = l - 5, -5*l - 5 = 0. Calculate the remainder when 7 is divided by 2/((2/z)/2).
3
Suppose 0 = 2*j - 1 - 11. Suppose -j = -0*u - 2*u. What is the remainder when u/5 - (-291)/15 is divided by 11?
9
Suppose 3*r - 7*r - 54 = -u, -3*u + 3*r = -126. Suppose 5*v = d - u + 3, 5*v + 25 = 0. Calculate the remainder when 38 is divided by d.
8
Let t = 0 + 2. Calculate the remainder when 3 is divided by t/7 + 95/133.
0
Let y = 7 + -5. Suppose -y*f + 0*f = 0. Suppose -17 = -3*i - 5*v - f*v, -15 = -4*i + v. What is the remainder when 10 is divided by i?
2
What is the remainder when 62 is divided by ((-8)/6)/(4/(-48))?
14
Let f = -17 + 23. Calculate the remainder when 9 is divided by f.
3
Let j(u) = -u**3 - 5*u**2 + 4*u + 6. Calculate the remainder when 124 is divided by j(-6).
16
Suppose d + 2*o + 2*o = 67, 3*d = -3*o + 246. Suppose 0 = -4*m + d + 21. Let n = m + -19. Calculate the remainder when 15 is divided by n.
7
Let l(q) = 2*q**2 + 1. Suppose 3*s - 15 = -3. Suppose -5*c + 37 = s*j - 2*c, 5*j + 5*c - 45 = 0. Calculate the remainder when l(-3) is divided by j.
9
Let n(y) = -29*y - 7. Calculate the remainder when n(-3) is divided by 17.
12
Suppose -23 + 0 = -z. Suppose -z = -4*k + 25. What is the remainder when 33 is divided by k?
9
Let u(d) = 2*d**2 + d + 32. Let w(i) = -i**3 - 5*i*